{"id":30,"date":"2020-10-12T08:42:40","date_gmt":"2020-10-12T08:42:40","guid":{"rendered":"https:\/\/wichtelhaus-online.de\/?page_id=30"},"modified":"2025-01-28T10:51:39","modified_gmt":"2025-01-28T10:51:39","slug":"oeffnungszeiten","status":"publish","type":"page","link":"https:\/\/wichtelhaus-online.de\/?page_id=30","title":{"rendered":"\u00d6ffnungszeiten"},"content":{"rendered":"\n<p>Die Einrichtung ist Montag bis Freitag von 7.30 bis 16.30 Uhr ge\u00f6ffnet.<\/p>\n\n\n\n<p>Bringzeit: 7.30 \u2013 9.00 Uhr<\/p>\n\n\n\n<p>Abholzeit: 14:00-15.00 Uhr oder ab 15:30 Uhr<\/p>\n\n\n\n<p>W\u00e4hrend der Sommerferien des Landes Nordrhein-Westfalen bleibt das Wichtelhaus f\u00fcr drei Wochen geschlossen. In den Tagen zwischen Weihnachten und Neujahr sowie an 2 j\u00e4hrlich stattfindenden Konzeptionstagen, einem Desinfektionstag, 2 Regenerationstagen, den gesetzlichen Feiertagen und am Rosenmontag findet ebenfalls keine Betreuung statt.<\/p>\n","protected":false},"excerpt":{"rendered":"<p>Die Einrichtung ist Montag bis Freitag von 7.30 bis 16.30 Uhr ge\u00f6ffnet. Bringzeit: 7.30 \u2013 9.00 Uhr Abholzeit: 14:00-15.00 Uhr oder ab 15:30 Uhr W\u00e4hrend der Sommerferien des Landes Nordrhein-Westfalen bleibt das Wichtelhaus f\u00fcr drei Wochen geschlossen. In den Tagen zwischen Weihnachten und Neujahr sowie an 2 j\u00e4hrlich stattfindenden Konzeptionstagen, einem Desinfektionstag, 2 Regenerationstagen, den [&hellip;]<\/p>\n","protected":false},"author":1,"featured_media":0,"parent":0,"menu_order":7,"comment_status":"closed","ping_status":"closed","template":"","meta":[],"_links":{"self":[{"href":"https:\/\/wichtelhaus-online.de\/index.php?rest_route=\/wp\/v2\/pages\/30"}],"collection":[{"href":"https:\/\/wichtelhaus-online.de\/index.php?rest_route=\/wp\/v2\/pages"}],"about":[{"href":"https:\/\/wichtelhaus-online.de\/index.php?rest_route=\/wp\/v2\/types\/page"}],"author":[{"embeddable":true,"href":"https:\/\/wichtelhaus-online.de\/index.php?rest_route=\/wp\/v2\/users\/1"}],"replies":[{"embeddable":true,"href":"https:\/\/wichtelhaus-online.de\/index.php?rest_route=%2Fwp%2Fv2%2Fcomments&post=30"}],"version-history":[{"count":6,"href":"https:\/\/wichtelhaus-online.de\/index.php?rest_route=\/wp\/v2\/pages\/30\/revisions"}],"predecessor-version":[{"id":302,"href":"https:\/\/wichtelhaus-online.de\/index.php?rest_route=\/wp\/v2\/pages\/30\/revisions\/302"}],"wp:attachment":[{"href":"https:\/\/wichtelhaus-online.de\/index.php?rest_route=%2Fwp%2Fv2%2Fmedia&parent=30"}],"curies":[{"name":"wp","href":"https:\/\/api.w.org\/{rel}","templated":true}]}}