{"id":28,"date":"2020-10-12T08:42:02","date_gmt":"2020-10-12T08:42:02","guid":{"rendered":"https:\/\/wichtelhaus-online.de\/?page_id=28"},"modified":"2024-12-05T11:30:14","modified_gmt":"2024-12-05T11:30:14","slug":"der-garten","status":"publish","type":"page","link":"https:\/\/wichtelhaus-online.de\/?page_id=28","title":{"rendered":"Der Garten"},"content":{"rendered":"\n<p>Unser Au\u00dfengel\u00e4nde ist ein naturnaher Spiel- und Erfahrungsraum f\u00fcr kleine und gro\u00dfe Kinder. Es verf\u00fcgt \u00fcber zahlreiche Kletter- und Bewegungsm\u00f6glichkeiten. Neben dem Baumhaus, einer gro\u00dfen Rutsche mit Aussichtsturm, einer kleine Rutsche und einer Bobbycar Waschanlage stehen den Kindern eine Vielzahl von Fahrzeugen zur Verf\u00fcgung. Des weiteren gibt es eine Kletterwand und ein Kletterseil um Geschicklichkeit, Kraft und Koordination zu entwickeln.<\/p>\n\n\n\n<figure class=\"wp-block-image size-large is-resized\"><img loading=\"lazy\" src=\"https:\/\/wichtelhaus-online.de\/wp-content\/uploads\/2024\/12\/d7fb35e0f870e821-image-20241201-144844-017-1-1024x768.jpeg\" alt=\"\" class=\"wp-image-264\" width=\"672\" height=\"504\" srcset=\"https:\/\/wichtelhaus-online.de\/wp-content\/uploads\/2024\/12\/d7fb35e0f870e821-image-20241201-144844-017-1-1024x768.jpeg 1024w, https:\/\/wichtelhaus-online.de\/wp-content\/uploads\/2024\/12\/d7fb35e0f870e821-image-20241201-144844-017-1-300x225.jpeg 300w, https:\/\/wichtelhaus-online.de\/wp-content\/uploads\/2024\/12\/d7fb35e0f870e821-image-20241201-144844-017-1-768x576.jpeg 768w, https:\/\/wichtelhaus-online.de\/wp-content\/uploads\/2024\/12\/d7fb35e0f870e821-image-20241201-144844-017-1-1536x1152.jpeg 1536w, https:\/\/wichtelhaus-online.de\/wp-content\/uploads\/2024\/12\/d7fb35e0f870e821-image-20241201-144844-017-1.jpeg 1600w\" sizes=\"(max-width: 672px) 100vw, 672px\" \/><\/figure>\n\n\n\n<figure class=\"wp-block-image size-large is-resized\"><img loading=\"lazy\" src=\"https:\/\/wichtelhaus-online.de\/wp-content\/uploads\/2024\/12\/e110ad34192dab8c-image-20241201-144839-855-1024x768.jpeg\" alt=\"\" class=\"wp-image-265\" width=\"675\" height=\"507\" srcset=\"https:\/\/wichtelhaus-online.de\/wp-content\/uploads\/2024\/12\/e110ad34192dab8c-image-20241201-144839-855-1024x768.jpeg 1024w, https:\/\/wichtelhaus-online.de\/wp-content\/uploads\/2024\/12\/e110ad34192dab8c-image-20241201-144839-855-300x225.jpeg 300w, https:\/\/wichtelhaus-online.de\/wp-content\/uploads\/2024\/12\/e110ad34192dab8c-image-20241201-144839-855-768x576.jpeg 768w, https:\/\/wichtelhaus-online.de\/wp-content\/uploads\/2024\/12\/e110ad34192dab8c-image-20241201-144839-855-1536x1152.jpeg 1536w, https:\/\/wichtelhaus-online.de\/wp-content\/uploads\/2024\/12\/e110ad34192dab8c-image-20241201-144839-855.jpeg 1600w\" sizes=\"(max-width: 675px) 100vw, 675px\" \/><\/figure>\n\n\n\n<div class=\"wp-block-group\"><div class=\"wp-block-group__inner-container\">\n<div class=\"wp-block-group\"><div class=\"wp-block-group__inner-container\">\n<figure class=\"wp-block-gallery columns-2 is-cropped\"><ul class=\"blocks-gallery-grid\"><li class=\"blocks-gallery-item\"><figure><img loading=\"lazy\" width=\"225\" height=\"300\" src=\"https:\/\/wichtelhaus-online.de\/wp-content\/uploads\/2024\/12\/20241205_081716-2-225x300.jpg\" alt=\"\" data-id=\"289\" class=\"wp-image-289\" srcset=\"https:\/\/wichtelhaus-online.de\/wp-content\/uploads\/2024\/12\/20241205_081716-2-225x300.jpg 225w, https:\/\/wichtelhaus-online.de\/wp-content\/uploads\/2024\/12\/20241205_081716-2-768x1024.jpg 768w, https:\/\/wichtelhaus-online.de\/wp-content\/uploads\/2024\/12\/20241205_081716-2-1152x1536.jpg 1152w, https:\/\/wichtelhaus-online.de\/wp-content\/uploads\/2024\/12\/20241205_081716-2-1536x2048.jpg 1536w, https:\/\/wichtelhaus-online.de\/wp-content\/uploads\/2024\/12\/20241205_081716-2-scaled.jpg 1920w\" sizes=\"(max-width: 225px) 100vw, 225px\" \/><\/figure><\/li><li class=\"blocks-gallery-item\"><figure><img loading=\"lazy\" width=\"225\" height=\"300\" src=\"https:\/\/wichtelhaus-online.de\/wp-content\/uploads\/2024\/12\/20241205_081724-1-225x300.jpg\" alt=\"\" data-id=\"290\" data-full-url=\"https:\/\/wichtelhaus-online.de\/wp-content\/uploads\/2024\/12\/20241205_081724-1-scaled.jpg\" data-link=\"https:\/\/wichtelhaus-online.de\/?attachment_id=290#main\" class=\"wp-image-290\" srcset=\"https:\/\/wichtelhaus-online.de\/wp-content\/uploads\/2024\/12\/20241205_081724-1-225x300.jpg 225w, https:\/\/wichtelhaus-online.de\/wp-content\/uploads\/2024\/12\/20241205_081724-1-768x1024.jpg 768w, https:\/\/wichtelhaus-online.de\/wp-content\/uploads\/2024\/12\/20241205_081724-1-1152x1536.jpg 1152w, https:\/\/wichtelhaus-online.de\/wp-content\/uploads\/2024\/12\/20241205_081724-1-1536x2048.jpg 1536w, https:\/\/wichtelhaus-online.de\/wp-content\/uploads\/2024\/12\/20241205_081724-1-scaled.jpg 1920w\" sizes=\"(max-width: 225px) 100vw, 225px\" \/><\/figure><\/li><\/ul><\/figure>\n<\/div><\/div>\n<\/div><\/div>\n\n\n\n<p>In unseren zwei Sandk\u00e4sten und dem selbst gebauten \u201eMatsch-Tisch\u201c haben die Kinder reichlich M\u00f6glichkeiten, sich mit Sand, Wasser und sonstigen Naturmaterialien vertraut zu machen, zu forschen und zu experimentieren, um vielseitige Erfahrungen zu sammeln.<\/p>\n\n\n\n<figure class=\"wp-block-gallery columns-2 is-cropped\"><ul class=\"blocks-gallery-grid\"><li class=\"blocks-gallery-item\"><figure><img loading=\"lazy\" width=\"1024\" height=\"768\" src=\"https:\/\/wichtelhaus-online.de\/wp-content\/uploads\/2024\/12\/343a6f5418304adc-image-20241201-144820-131-1024x768.jpeg\" alt=\"\" data-id=\"259\" data-full-url=\"https:\/\/wichtelhaus-online.de\/wp-content\/uploads\/2024\/12\/343a6f5418304adc-image-20241201-144820-131.jpeg\" data-link=\"https:\/\/wichtelhaus-online.de\/?attachment_id=259#main\" class=\"wp-image-259\" srcset=\"https:\/\/wichtelhaus-online.de\/wp-content\/uploads\/2024\/12\/343a6f5418304adc-image-20241201-144820-131-1024x768.jpeg 1024w, https:\/\/wichtelhaus-online.de\/wp-content\/uploads\/2024\/12\/343a6f5418304adc-image-20241201-144820-131-300x225.jpeg 300w, https:\/\/wichtelhaus-online.de\/wp-content\/uploads\/2024\/12\/343a6f5418304adc-image-20241201-144820-131-768x576.jpeg 768w, https:\/\/wichtelhaus-online.de\/wp-content\/uploads\/2024\/12\/343a6f5418304adc-image-20241201-144820-131-1536x1152.jpeg 1536w, https:\/\/wichtelhaus-online.de\/wp-content\/uploads\/2024\/12\/343a6f5418304adc-image-20241201-144820-131.jpeg 1600w\" sizes=\"(max-width: 1024px) 100vw, 1024px\" \/><\/figure><\/li><li class=\"blocks-gallery-item\"><figure><img loading=\"lazy\" width=\"1024\" height=\"576\" src=\"https:\/\/wichtelhaus-online.de\/wp-content\/uploads\/2024\/12\/087a4fbefd24b49c-image-20241201-144841-672.jpeg\" alt=\"\" data-id=\"260\" data-full-url=\"https:\/\/wichtelhaus-online.de\/wp-content\/uploads\/2024\/12\/087a4fbefd24b49c-image-20241201-144841-672.jpeg\" data-link=\"https:\/\/wichtelhaus-online.de\/?attachment_id=260#main\" class=\"wp-image-260\" srcset=\"https:\/\/wichtelhaus-online.de\/wp-content\/uploads\/2024\/12\/087a4fbefd24b49c-image-20241201-144841-672.jpeg 1024w, https:\/\/wichtelhaus-online.de\/wp-content\/uploads\/2024\/12\/087a4fbefd24b49c-image-20241201-144841-672-300x169.jpeg 300w, https:\/\/wichtelhaus-online.de\/wp-content\/uploads\/2024\/12\/087a4fbefd24b49c-image-20241201-144841-672-768x432.jpeg 768w\" sizes=\"(max-width: 1024px) 100vw, 1024px\" \/><\/figure><\/li><\/ul><\/figure>\n\n\n\n<figure class=\"wp-block-image size-full is-resized\"><img loading=\"lazy\" src=\"https:\/\/wichtelhaus-online.de\/wp-content\/uploads\/2024\/12\/1220aeff34d7d9ba-image-20241201-144821-526.jpeg\" alt=\"\" class=\"wp-image-261\" width=\"534\" height=\"400\" srcset=\"https:\/\/wichtelhaus-online.de\/wp-content\/uploads\/2024\/12\/1220aeff34d7d9ba-image-20241201-144821-526.jpeg 1600w, https:\/\/wichtelhaus-online.de\/wp-content\/uploads\/2024\/12\/1220aeff34d7d9ba-image-20241201-144821-526-300x225.jpeg 300w, https:\/\/wichtelhaus-online.de\/wp-content\/uploads\/2024\/12\/1220aeff34d7d9ba-image-20241201-144821-526-1024x768.jpeg 1024w, https:\/\/wichtelhaus-online.de\/wp-content\/uploads\/2024\/12\/1220aeff34d7d9ba-image-20241201-144821-526-768x576.jpeg 768w, https:\/\/wichtelhaus-online.de\/wp-content\/uploads\/2024\/12\/1220aeff34d7d9ba-image-20241201-144821-526-1536x1152.jpeg 1536w\" sizes=\"(max-width: 534px) 100vw, 534px\" \/><\/figure>\n\n\n\n<p>Unser nat\u00fcrlich angelegter Garten besitzt mehrere kinderfreundliche Beete, in denen die Kinder s\u00e4en, das Wachsen der Pflanzen verfolgen und schlie\u00dflich die Fr\u00fcchte ernten k\u00f6nnen. <\/p>\n\n\n\n<div class=\"wp-block-group\"><div class=\"wp-block-group__inner-container\">\n<div class=\"wp-block-group\"><div class=\"wp-block-group__inner-container\">\n<div class=\"wp-block-group alignfull\"><div class=\"wp-block-group__inner-container\">\n<figure class=\"wp-block-image size-large is-resized\"><img loading=\"lazy\" src=\"https:\/\/wichtelhaus-online.de\/wp-content\/uploads\/2024\/12\/aae904a1f9165164-image-20241201-144836-749-1-1024x768.jpeg\" alt=\"\" class=\"wp-image-270\" width=\"534\" height=\"401\" srcset=\"https:\/\/wichtelhaus-online.de\/wp-content\/uploads\/2024\/12\/aae904a1f9165164-image-20241201-144836-749-1-1024x768.jpeg 1024w, https:\/\/wichtelhaus-online.de\/wp-content\/uploads\/2024\/12\/aae904a1f9165164-image-20241201-144836-749-1-300x225.jpeg 300w, https:\/\/wichtelhaus-online.de\/wp-content\/uploads\/2024\/12\/aae904a1f9165164-image-20241201-144836-749-1-768x576.jpeg 768w, https:\/\/wichtelhaus-online.de\/wp-content\/uploads\/2024\/12\/aae904a1f9165164-image-20241201-144836-749-1-1536x1152.jpeg 1536w, https:\/\/wichtelhaus-online.de\/wp-content\/uploads\/2024\/12\/aae904a1f9165164-image-20241201-144836-749-1.jpeg 1600w\" sizes=\"(max-width: 534px) 100vw, 534px\" \/><\/figure>\n<\/div><\/div>\n<\/div><\/div>\n\n\n\n<figure class=\"wp-block-image size-large is-resized\"><img loading=\"lazy\" src=\"https:\/\/wichtelhaus-online.de\/wp-content\/uploads\/2024\/12\/8a84d0c4df96125c-image-20241201-144829-815-2-576x1024.jpeg\" alt=\"\" class=\"wp-image-273\" width=\"310\" height=\"552\" srcset=\"https:\/\/wichtelhaus-online.de\/wp-content\/uploads\/2024\/12\/8a84d0c4df96125c-image-20241201-144829-815-2-576x1024.jpeg 576w, https:\/\/wichtelhaus-online.de\/wp-content\/uploads\/2024\/12\/8a84d0c4df96125c-image-20241201-144829-815-2-169x300.jpeg 169w, https:\/\/wichtelhaus-online.de\/wp-content\/uploads\/2024\/12\/8a84d0c4df96125c-image-20241201-144829-815-2-768x1365.jpeg 768w, https:\/\/wichtelhaus-online.de\/wp-content\/uploads\/2024\/12\/8a84d0c4df96125c-image-20241201-144829-815-2-864x1536.jpeg 864w, https:\/\/wichtelhaus-online.de\/wp-content\/uploads\/2024\/12\/8a84d0c4df96125c-image-20241201-144829-815-2.jpeg 900w\" sizes=\"(max-width: 310px) 100vw, 310px\" \/><\/figure>\n<\/div><\/div>\n","protected":false},"excerpt":{"rendered":"<p>Unser Au\u00dfengel\u00e4nde ist ein naturnaher Spiel- und Erfahrungsraum f\u00fcr kleine und gro\u00dfe Kinder. Es verf\u00fcgt \u00fcber zahlreiche Kletter- und Bewegungsm\u00f6glichkeiten. Neben dem Baumhaus, einer gro\u00dfen Rutsche mit Aussichtsturm, einer kleine Rutsche und einer Bobbycar Waschanlage stehen den Kindern eine Vielzahl von Fahrzeugen zur Verf\u00fcgung. Des weiteren gibt es eine Kletterwand und ein Kletterseil um Geschicklichkeit, [&hellip;]<\/p>\n","protected":false},"author":1,"featured_media":0,"parent":0,"menu_order":6,"comment_status":"closed","ping_status":"closed","template":"","meta":[],"_links":{"self":[{"href":"https:\/\/wichtelhaus-online.de\/index.php?rest_route=\/wp\/v2\/pages\/28"}],"collection":[{"href":"https:\/\/wichtelhaus-online.de\/index.php?rest_route=\/wp\/v2\/pages"}],"about":[{"href":"https:\/\/wichtelhaus-online.de\/index.php?rest_route=\/wp\/v2\/types\/page"}],"author":[{"embeddable":true,"href":"https:\/\/wichtelhaus-online.de\/index.php?rest_route=\/wp\/v2\/users\/1"}],"replies":[{"embeddable":true,"href":"https:\/\/wichtelhaus-online.de\/index.php?rest_route=%2Fwp%2Fv2%2Fcomments&post=28"}],"version-history":[{"count":22,"href":"https:\/\/wichtelhaus-online.de\/index.php?rest_route=\/wp\/v2\/pages\/28\/revisions"}],"predecessor-version":[{"id":291,"href":"https:\/\/wichtelhaus-online.de\/index.php?rest_route=\/wp\/v2\/pages\/28\/revisions\/291"}],"wp:attachment":[{"href":"https:\/\/wichtelhaus-online.de\/index.php?rest_route=%2Fwp%2Fv2%2Fmedia&parent=28"}],"curies":[{"name":"wp","href":"https:\/\/api.w.org\/{rel}","templated":true}]}}